e 8
-4562124
What is -118d5 (base 14) in base 6?
-530403
What is 3210313 (base 5) in base 4?
31021021
What is 10122222022202 (base 3) in base 9?
3588282
What is -134674 (base 9) in base 14?
-21d57
What is 1101011001001111011010 (base 2) in base 4?
31121033122
Convert -64d92c (base 14) to base 3.
-20102122201201
-21336215 (base 8) to base 3
-22121012012122
What is 81698 (base 10) in base 9?
134055
Convert -24111414 (base 5) to base 12.
-a8a92
What is -1a1441 (base 12) in base 11?
-29356a
Convert 100121121202 (base 3) to base 5.
22024023
Convert -501cf (base 16) to base 3.
-121200010110
-2422002344 (base 5) to base 4
-111211000113
Convert 2671b7 (base 12) to base 16.
9ae5b
469385 (base 13) to base 8
6313177
What is 22b26b (base 13) in base 11?
513346
Convert -2220010012120 (base 3) to base 14.
-2c04d5
Convert a6c423 (base 14) to base 15.
766ca4
22234114 (base 5) to base 9
328064
Convert 125ab43 (base 12) to base 10.
3606243
54266653 (base 8) to base 13
2541856
Convert -7a941 (base 11) to base 14.
-30883
Convert 244212 (base 5) to base 2.
10010001011011
6012501 (base 8) to base 4
12001111001
What is -34200143 (base 5) in base 8?
-1120105
2917978 (base 10) to base 14
55d590
Convert 2235b1b (base 13) to base 8.
50021443
-30240330 (base 5) to base 13
-8691b
What is 3144043 (base 5) in base 15?
10a9d
-12433360 (base 7) to base 10
-1134490
1053674 (base 8) to base 7
2263515
What is 91302 (base 14) in base 6?
11252034
Convert 186403 (base 12) to base 7.
3422004
-15131066 (base 8) to base 12
-11a6672
2964d (base 16) to base 5
20411144
Convert 111101001111011100011100 (base 2) to base 16.
f4f71c
-3211322232 (base 4) to base 5
-220113432
What is -8da8 (base 14) in base 12?
-12320
What is -101100011011100001 (base 2) in base 10?
-181985
Convert 118113 (base 13) to base 12.
181813
What is c5374 (base 15) in base 9?
1152501
-db8b (base 16) to base 9
-85077
What is -b13c6a (base 13) in base 6?
-224200551
What is -220201022120 (base 3) in base 10?
-486474
Convert -18267 (base 10) to base 4.
-10131123
What is 16ff85 (base 16) in base 4?
11233332011
Convert 3a38a6 (base 11) to base 3.
1012020120012
Convert 10100101122 (base 3) to base 14.
1a02d
What is -1022021101121 (base 3) in base 16?
-a9816
What is -51511 (base 15) in base 6?
-5304441
What is 4e003a (base 15) in base 11?
2129722
What is -3b91589 (base 12) in base 10?
-11884281
Convert -20120122012012 (base 3) to base 12.
-1207488
What is 2233410 (base 5) in base 9?
60603
Convert 77133 (base 11) to base 8.
332531
What is 3b91c8 (base 14) in base 12?
834938
Convert -3ca62b (base 13) to base 16.
-1693d0
433016 (base 7) to base 12
37815
What is -653513 (base 7) in base 2?
-11011110111010011
Convert -1120d3 (base 14) to base 6.
-20250013
Convert -101221211121 (base 3) to base 13.
-77218
Convert -4413204 (base 8) to base 4.
-10201122010
1214528 (base 9) to base 10
659447
What is 7897b (base 15) in base 7?
3155060
Convert 12122002 (base 5) to base 11.
78719
What is 152030533 (base 6) in base 9?
5871543
-2586704 (base 9) to base 15
-1ce65a
What is 3020333 (base 4) in base 15?
3c28
-39c289 (base 13) to base 3
-2122000100021
What is 222111111022 (base 3) in base 13?
153548
What is -100000101110111100 (base 2) in base 8?
-405674
-25631550 (base 8) to base 3
-101202100012222
What is 443549 (base 11) in base 8?
2545533
453176 (base 8) to base 7
1205455
20aa8 (base 13) to base 6
1132530
30b217 (base 12) to base 5
144001221
776660 (base 8) to base 12
107440
Convert 3320453 (base 8) to base 13.
25374a
-2204577 (base 9) to base 7
-13031656
72737 (base 10) to base 16
11c21
Convert -633538 (base 15) to base 5.
-2202010203
What is -18a372 (base 15) in base 14?
-232cc3
What is -1203110032 (base 4) in base 12?
-1774ba
-1130032231 (base 4) to base 14
-9b95b
What is -50378 (base 13) in base 6?
-3023535
Convert -232131101 (base 4) to base 2.
-101110011101010001
-693844 (base 13) to base 2
-1001100000100110000110
Convert 6a3a3 (base 15) to base 14.
8b424
-21a9a86 (base 11) to base 13
-a53916
Convert 24c21 (base 14) to base 13.
32088
Convert 201100022210220 (base 3) to base 12.
3539759
1202220121210 (base 3) to base 6
32113550
Convert 1201835 (base 13) to base 15.
7513c8
Convert 113512211 (base 7) to base 11.
3a706a3
Convert -10333202012 (base 4) to base 14.
-260d82
What is -3716047 (base 8) in base 15?
-1531b0
Convert 34282 (base 15) to base 11.
103751
-11100102021202 (base 3) to base 2
-1000110100001111100011
What is 1b8800c (base 13) in base 2?
100010111011100111110100
Convert -361264 (base 9) to base 13.
-77c9b
328454 (base 9) to base 6
4113334
What is -91598 (base 10) in base 7?
-531023
3010209 (base 10) to base 13
8151b7
What is -41b59 (base 13) in base 3?
-20000101020
Convert 12154054 (base 6) to base 9.
651707
Convert 3111130 (base 4) to base 3.
200201221
What is -1b502 (base 16) in base 15?
-23234
What is -732742 (base 8) in base 14?
-64894
What is 2434c (base 14) in base 15?
1b329
What is 349793 (base 10) in base 13?
c32a2
What is 4737635 (base 8) in base 16?
13bf9d
Convert -e55ded (base 15) to base 12.
-379a4ba
-4714750 (base 8) to base 3
-2102021010012
111200102211020 (base 3) to base 9
14612736
11544 (base 13) to base 8
75653
631696 (base 12) to base 4
11330112102
Convert 1010380 (base 12) to base 7.
34363326
-247481 (base 16) to base 14
-462957
What is -1152566 (base 7) in base 12?
-713a8
What is 21c47 (base 14) in base 5?
10110431
Convert 110221230 (base 4) to base 3.
11022000220
What is -3011602 (base 7) in base 6?
-11344031
What is 2010011001 (base 3) in base 8?
121276
Convert -2c6da (base 15) to base 14.
-3a321
Convert 1430302424 (base 5) to base 6.
212330111
5eb71d (base 15) to base 16
455761
Convert b148b (base 12) to base 15.
48472
-1002020120000 (base 3) to base 2
-10001100100001100010
65e0e (base 16) to base 11
265579
What is 10733121 (base 9) in base 13?
1109254
What is 57903 (base 11) in base 13?
2c09b
Convert -5246522 (base 8) to base 11.
-873967
Convert 12020020012 (base 3) to base 15.
2078b
-46c88 (base 13) to base 12
-62b92
Convert 11111020122111 (base 3) to base 8.
11065071
Convert -101313300 (base 4) to base 6.
-1322520
What is -100020012002 (base 3) in base 5?
-21303113
What is -30322111213 (base 4) in base 12?
-1172887
What is 347022 (base 8) in base 12?
58556
What is -14c2c8 (base 14) in base 10?
-724984
What is -200004101 (base 6) in base 14?
-636777
What is 47660 (base 11) in base 15?
15533
Convert 1042221553 (base 6) to base 5.
10343344300
Convert -53ab (base 13) to base 14.
-434d
What is -11152565 (base 8) in base 4?
-21031111311
ad627d (base 14) to base 6
330201515
Convert -31da53 (base 16) to base 15.
-4480a5
What is 111000220011 (base 3) in base 13?
8c9c2
1068459 (base 10) to base 11
66a827
Convert 27425188 (base 9) to base 16.
ce974d
2112110200 (base 3) to base 5
3044124
Convert -25121132 (base 6) to base 13.
-221b22
-542a20 (base 12) to base 9
-2450166
Convert 2243 (base 16) to base 14.
32a7
Convert -10164334 (base 8) to base 3.
-11001120112011
-16493 (base 13) to base 8
-123053
-2347001 (base 10) to base 8
-10747771
cdac (base 14) to base 15
a853
Convert -1657126 (base 10) to base 13.
-460363
Convert -3054032 (base 7) to base 16.
-5970b
Convert -7433264 (base 8) to base 13.
-544362
2524441 (base 6) to base 2
100001001010001001
What is -230331123 (base 4) in base 11?
-1163a4
What is -25503574 (base 8) in base 7?
-66125613
What is -1204510 (base 6) in base 12?
-30736
What is 874347 (base 12) in base 7?
24134263
-45144511 (base 6) to base 3
-2120110012221
Convert -14333142 (base 5) to base 11.
-a4472
What is -2121212110200 (base 3) in base 15?
-1c8499
Convert -2025c2 (base 15) to base 10.
-1526807
What is -133321101 (base 4) in base 8?
-377121
Convert 30896a (base 11) to base 6.
14335302
Convert 14044221 (base 5) to base 10.
143686
-1112102220021 (base 3) to base 10
-815677
What is -10010110001111011 (base 2) in base 3?
-10220112000
Convert 71c8 (base 14) to base 9.
28765
111002010132 (base 4) to base 9
11333083
Convert -4523c (base 13) to base 4.
-132222302
What is 230002103 (base 4) in base 7?
1350602
Convert -1040858 (base 9) to base 16.
-88532
16f72 (base 16) to base 14
263d0
101005 (base 10) to base 14
28b49
100120031 (base 4) to base 16
1060d
Convert 40898 (base 11) to base 9.
100725